{"id":42,"date":"2016-11-28T17:26:37","date_gmt":"2016-11-28T15:26:37","guid":{"rendered":"http:\/\/www.expertisenumerique.com\/?page_id=42"},"modified":"2024-09-02T10:07:19","modified_gmt":"2024-09-02T08:07:19","slug":"accueil","status":"publish","type":"page","link":"https:\/\/www.expertisenumerique.com\/","title":{"rendered":"Accueil"},"content":{"rendered":"<h2>Nous mettons \u00e0 votre service nos comp\u00e9tences dans le cadre de l&rsquo;expertise informatique et num\u00e9rique.<\/h2>\n<p>\u00a0<\/p>\n<p>\u00a0<\/p>\n<h2 style=\"text-align: center;\">\u00a0<\/h2>\n<p>\u00a0<\/p>\n\n\n<p><\/p>\n","protected":false},"excerpt":{"rendered":"<p>Nous mettons \u00e0 votre service nos comp\u00e9tences dans le cadre de l&rsquo;expertise informatique et num\u00e9rique. \u00a0 \u00a0 \u00a0 \u00a0<\/p>\n","protected":false},"author":2,"featured_media":0,"parent":0,"menu_order":0,"comment_status":"closed","ping_status":"closed","template":"","meta":{"footnotes":""},"class_list":["post-42","page","type-page","status-publish","hentry"],"_links":{"self":[{"href":"https:\/\/www.expertisenumerique.com\/index.php\/wp-json\/wp\/v2\/pages\/42","targetHints":{"allow":["GET"]}}],"collection":[{"href":"https:\/\/www.expertisenumerique.com\/index.php\/wp-json\/wp\/v2\/pages"}],"about":[{"href":"https:\/\/www.expertisenumerique.com\/index.php\/wp-json\/wp\/v2\/types\/page"}],"author":[{"embeddable":true,"href":"https:\/\/www.expertisenumerique.com\/index.php\/wp-json\/wp\/v2\/users\/2"}],"replies":[{"embeddable":true,"href":"https:\/\/www.expertisenumerique.com\/index.php\/wp-json\/wp\/v2\/comments?post=42"}],"version-history":[{"count":10,"href":"https:\/\/www.expertisenumerique.com\/index.php\/wp-json\/wp\/v2\/pages\/42\/revisions"}],"predecessor-version":[{"id":109,"href":"https:\/\/www.expertisenumerique.com\/index.php\/wp-json\/wp\/v2\/pages\/42\/revisions\/109"}],"wp:attachment":[{"href":"https:\/\/www.expertisenumerique.com\/index.php\/wp-json\/wp\/v2\/media?parent=42"}],"curies":[{"name":"wp","href":"https:\/\/api.w.org\/{rel}","templated":true}]}}